. Let o = 308 - 89. Suppose 4*n + 267 = 5*p, -o = -4*p + 4*n + n. Calculate the greatest common divisor of v and p.
17
Suppose -4*b - 139*a + 138*a = -59349, -4*b + 4*a = -59344. What is the greatest common divisor of 37 and b?
37
Suppose 5*d - w + 6778 = 6782, d = -4*w + 47. Suppose 0 = -2*m + 24 + 6. Calculate the greatest common divisor of m and d.
3
Let r(b) = 18 + 0*b - 31 - 4*b - 63. Let v be r(-20). Calculate the greatest common divisor of v and 28.
4
Let t be (-87)/(-28)*4 + (-68)/(-119). Calculate the greatest common divisor of t and 351.
13
Let r be (-89970)/(-170) - (-76)/(-323). What is the highest common divisor of r and 92?
23
Let k = 779 + -529. Suppose 0 = -10*t + 5*t + k. Suppose 422 = -26*z + 1202. Calculate the highest common divisor of t and z.
10
Suppose 0 = 46*f - 213*f + 5010. What is the highest common divisor of 582 and f?
6
Let t be (2 + (-28557)/36 - 3/(-12))*-4. Calculate the highest common factor of 28 and t.
28
Let c(r) = 9*r - 15. Let h be c(7). Suppose 5*f - 5*k + 5 = 0, 3*f + 54*k - 59*k + 13 = 0. What is the greatest common divisor of h and f?
4
Let n be (200/3)/2*3. Suppose -n + 28 = -3*w. Suppose -2*a - 3*p = -543, -126 = -a - 2*p + 148. Calculate the greatest common divisor of w and a.
24
Let k(s) = -12*s**3 - 3*s**2 + 6*s + 22. Let w be k(-2). What is the greatest common divisor of w and 2?
2
Let c be 1 + 534/(-3 - -9). Let l be 176/((2/(-9))/((-10)/c)). What is the highest common factor of l and 32?
8
Let q(c) = 909*c**2 - c. Let x be q(-1). Let y be (-16)/(-22)*5720/160. What is the greatest common factor of x and y?
26
Suppose 3*i - 64 + 13 = 0. Let x(p) = -14*p - 591. Let s be x(-58). Calculate the highest common factor of i and s.
17
Suppose 4*p = -4*q + 72828, 279*p = 281*p - 3*q - 36394. What is the greatest common divisor of 167 and p?
167
Let k be (1 - -14)*1386/165. Suppose 2*l + 2 = 2*y - y, 2*l - 5*y = 6. Let f be l/(-9) + 6524/k. Calculate the highest common divisor of f and 78.
26
Let x be ((-68)/(-119))/(-6 + (-82416)/(-13734)). Calculate the highest common divisor of x and 132.
6
Suppose 2*j = m - 7528, 47*m - 5*j = 44*m + 22576. What is the greatest common factor of m and 72?
24
Suppose -7*b - 100 = 96. Let t be (21/b)/(2/72). Let s = t - -28. Calculate the highest common factor of s and 8.
1
Let q = -292 + 276. Let t = 67 + q. What is the greatest common factor of t and 153?
51
Suppose 3*r - 956 = 5*c + 1944, 0 = 3*r + 5*c - 2860. Calculate the greatest common factor of 135 and r.
15
Let p = -195 - -203. Suppose -p = -2*i, 0*q + 2*q = -5*i + 32. Calculate the highest common factor of q and 9.
3
Let z = 447 - -1965. What is the highest common factor of 216 and z?
36
Suppose 0 = -2*m + 5 - 3, -5*m + 23 = 3*b. Let q(d) = -8*d + 14*d + 4*d - b + d**2. Let u be q(-11). Calculate the highest common divisor of u and 20.
5
Suppose -17*n - 51 = -476. Let a be n*(-6)/(-10) + (-1)/1. What is the highest common factor of a and 7?
7
Let d be (8/(-2))/(5 + -4). Let r be 11 + (-4510)/(-30) + d/3. What is the highest common factor of r and 96?
32
Let g be (-185)/(-17) + 8/68. What is the greatest common divisor of g and 4235?
11
Let z(x) = -11*x - 85. Let c be z(-12). Let i = c - -7. Calculate the greatest common factor of i and 54.
54
Let m = -1015 - -1114. Calculate the greatest common divisor of 5181 and m.
33
Let h = -181 - -165. Let c(q) = -q**2 - 18*q - 20. Let m be c(h). What is the highest common factor of m and 6?
6
Let h(w) = w**3 + 15*w**2 + 11*w - 18. Let p be (-10)/(-15) + (-132)/9. Let k be h(p). Let s = -317 + 329. Calculate the highest common factor of k and s.
12
Suppose 2*x - 24*x = -198. Let y be (-1920)/(-108) - (-2)/x. Suppose -7 = -5*z + 3*o + 35, -2*z - 3*o = -21. Calculate the greatest common divisor of z and y.
9
Let a be 5*14/(-20)*(-3 + 39/(-7)). Let l = 678 + -378. Calculate the greatest common divisor of a and l.
30
Let t(y) = y**2 + 6*y - 6. Let w be t(-10). Suppose 35*f + w = 37*f. Suppose 12*b = f*b - 160. What is the greatest common factor of b and 80?
16
Let r = -35139 - -35509. Calculate the greatest common factor of r and 30.
10
Suppose -63 = s - 5*b, 0*b = -4*s - 2*b - 142. Let g = 37 + s. Let v be (12/(-9))/((2/36)/g). Calculate the highest common divisor of 168 and v.
24
Let q(f) = f + 5. Let s be q(-2). Let u(y) = 4 + 1 - 8*y + s*y - 17. Let x be u(-6). What is the greatest common divisor of 180 and x?
18
Let t(i) = i**3 - 7*i**2 - 11*i - 114. Let j be t(12). What is the highest common factor of 1 and j?
1
Let d = -21063 - -21118. What is the greatest common divisor of d and 6127?
11
Let r be 47/7 - (-2)/7. Let x(c) = c**3 + c**2 - 22*c - 1. Let s = -1610 - -1616. Let m be x(s). Calculate the highest common factor of r and m.
7
Let x be (1/5)/((-995)/34825)*(-87 - 2). Let g(v) = 4*v - 1. Let n be g(2). What is the highest common divisor of x and n?
7
Let n be 92/(-69)*2058/(-8). What is the greatest common factor of 1764 and n?
49
Let v = 3766 + -3697. Calculate the highest common factor of v and 4416.
69
Let x(v) = 4*v - 56. Let b be x(-27). Let r = b - -204. Let c(o) = -9*o**3 - o. Let k be c(-1). What is the greatest common factor of r and k?
10
Suppose -10 + 110 = a. Let t be 125/(-3)*145/(7975/(-858)). Calculate the highest common divisor of a and t.
50
Let l = 29609 + -28566. Calculate the greatest common divisor of 42 and l.
7
Suppose -51*x + 37997 - 2195 = 0. Calculate the greatest common factor of x and 663.
39
Let u(z) = 3*z**2 + 3*z - 5. Let m(q) = 118 - q**2 - q - 118. Let t(j) = 2*m(j) + u(j). Let d be t(-3). What is the greatest common factor of d and 3?
1
Let l(r) = -26*r + 134. Let d be l(5). Suppose -576 = -d*f - h, -2*f - 23 = -4*h - 293. Calculate the highest common divisor of f and 88.
11
Let b(s) = 26*s**2 + 36*s + 6. Let h be b(-3). Suppose 12*r - 876 = h. Calculate the greatest common factor of r and 336.
84
Suppose -49*o = -253*o + 71604. What is the highest common factor of 1989 and o?
117
Let w = 101 + -106. Let u be -3 + 8 + -1 + (w - -6). Let b(c) = c**3 + 6*c**2 + c - 3. Let t be b(-4). What is the greatest common factor of t and u?
5
Let z be 9537/(-22)*(-14)/21 - -8. Calculate the highest common factor of 1683 and z.
99
Suppose 4*q - q - 1218 = 0. Suppose 402*z - q*z = -272. What is the highest common divisor of 68 and z?
68
Let n(d) = -d**3 + 6*d**2 + 3*d - 2. Let u be n(5). Suppose 344 = 3*f - s, 125*f - 566 = 120*f - 2*s. What is the highest common divisor of f and u?
38
Let p be ((-20)/6)/((-4)/12). Let r = -5090 - -5400. Calculate the highest common divisor of r and p.
10
Let c(a) = 83*a - 3. Let r be c(3). Suppose -62 = -16*i + 11*i - 2*m, 2*i - 19 = 5*m. Calculate the highest common divisor of i and r.
6
Suppose 237*f - 540 = 231*f. Suppose 10*n = -23*n + 297. Calculate the highest common factor of f and n.
9
Suppose 5*o - 5*b - 11465 = 0, 2784*b = 3*o + 2780*b - 6873. Calculate the greatest common factor of o and 133.
19
Let g(p) = 2*p**2 + 31*p + 18. Let k be g(-15). Suppose 2*d - 47 - 120 = k*b, -4*b = -4. Calculate the greatest common divisor of 34 and d.
17
Suppose -4*f = 4*f + 6*f. Suppose f = -3*d + 75 - 51. Calculate the greatest common factor of d and 180.
4
Let t be (-2 - -3) + 0 + -4 + 5. Suppose -5*b + 52 = -t*u, 0*u - 28 = -3*b - 2*u. What is the greatest common divisor of 85 and b?
5
Suppose 4*j - 5*m = 1702, 0 = 2*j - j - 4*m - 431. Suppose 4*q - 364 = 4*u, 122*q - 110*q + 4*u = 1140. Calculate the highest common factor of j and q.
47
Suppose 75*q = 61*q + 140. Suppose -4*j = 2*g - q, -2*g + 0*g - 26 = -5*j. What is the greatest common divisor of 36 and j?
4
Let z = -19 + 21. Let f(o) = o**2 + 21*o + 4. Let g be f(-21). Suppose 3*c - 24 + 10 = -w, -w - g*c = -17. Calculate the highest common factor of z and w.
1
Suppose -2376 = -53*f + 22*f + 20*f. Calculate the highest common factor of f and 1161.
27
Suppose -6*q + 1076 - 704 = 0. Calculate the highest common divisor of q and 775.
31
Let c(t) = t**2 - 37*t + 278. Let w be c(29). Let b be 114 - (4/(-4))/1. Calculate the greatest common divisor of b and w.
23
Suppose -31*n + 3013824 = 30*n + 3*n. What is the greatest common factor of 33 and n?
33
Suppose -2*z + 6*d = d - 1226, -5*d + 20 = 0. Calculate the greatest common factor of z and 178.
89
Let j(o) = -o*